) = f + 1. Let l be w(5). Suppose -1816 = -l*x + 170. Is x a composite number?
False
Suppose -38 = -3*m + 46. Suppose -2*g - 3*g - x - m = 0, 2*x + 6 = 0. Is (-2)/g + (-1486)/(-10) a composite number?
False
Let y = 9 - 7. Suppose 3*a - 3*n = n - 59, -a - y*n = 3. Let b(j) = -j + 6. Is b(a) a prime number?
True
Suppose -2*o = -0*o - 4. Is 795/2 - o/4 a prime number?
True
Let m(x) = -99*x + 364. Is m(-53) prime?
False
Suppose -u = -5*t - 6*u - 5, -5*t - 2*u = 8. Is t/5*463455/(-54) prime?
True
Let x be (22 + 6)*(-155)/4. Let i = x - -2452. Is i a prime number?
True
Let a = -2 + 4. Suppose -a*b + z = -125, -5*z - 267 = -5*b + 33. Is b a composite number?
True
Let t be ((-4)/(-4))/(-1) + 2004. Suppose -1501 = 3*l - 2*m, l = -3*l + 3*m - t. Let f = l - -868. Is f composite?
True
Let l(g) = 11*g - 5. Let r be l(1). Suppose 5*n - 32991 = 4*s, -r*s - 19793 = -3*n - 2*s. Is n composite?
False
Suppose -o = o - 6. Suppose -o*b + 8 = -4. Suppose -114 - 338 = -b*v. Is v a prime number?
True
Suppose -5*i - 63 = -3*w - 18, -w = 4*i + 19. Let q be 1/i + (-10)/12. Is 158*(q + -1 + 3) composite?
True
Suppose -9*u + 2*u + 7651 = 0. Suppose -v - o + 4*o = -u, 0 = 5*v + o - 5433. Is v prime?
True
Suppose 0*p - 2*p = 0. Let u = p - -1. Is (-5)/(2/(-74)*u) a prime number?
False
Suppose -t = n + 4 + 53, -4*t - n = 237. Let c = t - -1201. Is c composite?
True
Let c(s) = -s**2 + 6*s + 18. Let n be c(8). Suppose 2*m + 7*o = n*o + 5414, 0 = 4*m - 4*o - 10828. Is m a prime number?
True
Suppose t = 4*t - 9. Let x be 1/t + (-294)/(-9). Suppose -i + 118 = x. Is i prime?
False
Let r(j) = 7*j**2 - 32*j - 13. Is r(14) a composite number?
False
Let d(r) be the first derivative of -17*r**2 - r + 1. Let p be (-1)/1 - (-9 - -9). Is d(p) a composite number?
True
Let b = 82 - 69. Suppose -265 = b*a - 18*a. Is a a prime number?
True
Let k = -16195 - -60254. Is k composite?
False
Let f = -5288 + 7701. Is f composite?
True
Is 1/(((-8)/1956)/(24/(-18))) composite?
True
Let b = -66 + 110. Suppose -3*y - 12 = -3*q, -4*q - 5*y + b = -8. Suppose n - 106 + 38 = -2*x, 4*n + q = 0. Is x prime?
False
Let r be (-8)/(-32) + 3/4. Suppose r - 5 = 2*f - 2*j, -f = 4*j + 2. Is (-498)/f + (0 - 0) prime?
False
Let o(s) = 8 - 2 - 3*s - 3*s**2 - 9. Let j be o(3). Is 2771/13 + 6/j a prime number?
False
Let g(v) = v**3 + 20*v**2 + 11*v - 31. Suppose 5*o + 84 = 2*i, i + 26 = -2*o - 13. Is g(o) a composite number?
False
Is 11919/6*(-6)/(-3) prime?
False
Is 22 + -19 + (2416/2 - -2) a prime number?
True
Let x(j) = -j**3 + 2*j**2 + j + 3. Let m be x(-4). Suppose 2*y = -39 + m. Is (-1)/4 + 4347/y a prime number?
False
Let i(w) = 453*w + 5. Let g be (-22)/(-4) + ((-36)/(-8) - 4). Is i(g) prime?
False
Suppose -4*n - 4*m + 18999 - 3059 = 0, 7972 = 2*n + 3*m. Is n composite?
True
Is 4 - (-33515)/45 - 4/(-18) prime?
False
Let h(u) = 4*u**2 - 2. Suppose 10 = 4*o - 6. Suppose 0*s + 5*i = 3*s - 14, 4*s + o = i. Is h(s) a composite number?
True
Suppose 2*d = 6 + 144. Suppose -z - 4*z - d = 0. Is -1113*((-25)/z)/(-5) a prime number?
False
Let x(y) = y**2 + 4*y - 3. Let t be x(-5). Let d(f) = -1 + 6 + f**2 + f**t - 12*f. Is d(10) prime?
False
Suppose -14*h = o - 16*h - 27019, 0 = -3*o + 4*h + 81057. Is o composite?
True
Let v(f) = -99*f + 52. Suppose -4*h + 2 = -2, -h = 2*g + 13. Is v(g) composite?
True
Let q(n) = n**3 - 3*n**2 + 1. Let l be 5/(-1)*(-3)/5. Let s be q(l). Is 2928/10 - s/(-5) a prime number?
True
Let b(s) = 8752*s + 585. Is b(14) a prime number?
True
Is 6*6238/30 - (-6)/(-10) a composite number?
True
Let w = -1845 + 4862. Is w prime?
False
Suppose -5*t + 7 + 12 = -2*j, 5*j + 22 = 4*t. Suppose 2*p - l = -444, t*l - 4 - 8 = 0. Let i = p - -347. Is i a composite number?
False
Let n = -4241 + 10356. Is n composite?
True
Let m = 9 - 6. Suppose 2*s + d = 3*s + 1, -4*d + 20 = 4*s. Is 37/m*(35 - s) composite?
True
Let g = 45 + -31. Suppose -4*n - n - p - 983 = 0, p = n + 199. Is (-4)/1 - (g + n) prime?
True
Let z(t) = t**3 + 5*t**2 + 2*t - 4. Let g be z(-4). Suppose 0 = -p - g - 1. Is 72 - p/((-10)/6) prime?
False
Let h be 1/2*2 - -1. Is (1*h)/((-18)/(-7821)) composite?
True
Let w(x) = -1853*x + 586. Is w(-21) composite?
False
Suppose -35*w + 6438565 = -0*w. Is w prime?
True
Suppose -2*r - 4*h = 7 + 7, 0 = 4*r - 5*h - 37. Suppose d = r*d. Suppose d*l + 5*l - 2595 = 0. Is l a prime number?
False
Let r = 3 - 8. Let o be (-48)/(-20) - (-2)/r. Suppose -o*t = -5*t + 561. Is t a composite number?
True
Let j(u) = -u. Let t be j(4). Let b be (-2 + 2)*1/t. Suppose 4*i - 28 - 96 = b. Is i composite?
False
Suppose -3*a + 35 = 4*n, -6*a + 5*a + 30 = 5*n. Suppose 243 = n*l - 6*f + 9*f, 3*l - 4*f = 169. Is l composite?
True
Suppose 4*m - m + 126 = 5*r, 3*m = -r + 18. Suppose -8 = 4*o - r, -11 = 3*p - 5*o. Suppose -p*n = -4*n, 0 = 2*x + 5*n - 410. Is x composite?
True
Is ((1 + -3)/6)/((-18)/100332) a prime number?
False
Let q(l) = 646*l + 1. Let u(z) = 647*z + 1. Let k(v) = -2*q(v) + 3*u(v). Let j be k(2). Suppose -3*w = -390 - j. Is w a prime number?
True
Is (12 - 14)*(-220722)/12 a prime number?
True
Let i = 1099 - 156. Is i prime?
False
Suppose -c - 3*g = 20, 2*c - 5*g - 14 = 1. Let r(i) = 0*i + 7 - 5*i - 5*i. Is r(c) a prime number?
False
Let u(h) be the first derivative of 628*h**3/3 + h**2/2 + 2*h - 4. Is u(-1) a prime number?
False
Let w be (-1)/(-2 + (-6)/(-4)). Suppose w*d + 11 = 277. Suppose d = -2*z + 3*z. Is z prime?
False
Let f = 4189 + -678. Is f a prime number?
True
Let d = 5 + -2. Suppose -4 = 3*p - 2*k - 3*k, -4*p - d*k - 15 = 0. Is p - 68/(-3 - 1) a prime number?
False
Let f(h) = 9*h - 3. Let n be f(3). Let x be (-1)/(-4) + 5802/n. Suppose 2*v - x = -2*o, 0*o + 5*o - 609 = -3*v. Is o prime?
False
Let t(m) be the first derivative of 11*m**3/3 - m**2/2 + 7*m + 2. Is t(4) composite?
False
Suppose 0 = j - 13*j + 310572. Is j composite?
True
Let f be 12/18*(-21)/(-2). Suppose -2*a - 3*z = -0*a - 21, -f = a - 2*z. Is 26 + a - (0 - -3) a prime number?
False
Let p(h) = 2*h**3 + 4*h**2 + 37*h - 39. Is p(22) prime?
True
Suppose -j - 5 - 10 = 0. Let v = -11 - j. Suppose n = d + 31, -4*n - v*d - 56 = -6*n. Is n composite?
True
Suppose -544 = -p + m, 0 = p + 4*p - 2*m - 2732. Suppose p - 27 = h. Suppose 4*l - h + 97 = 0. Is l composite?
True
Let w = 17 + -15. Let n be w + -8 - (4 - 1). Is n/6*(-632)/12 composite?
False
Is 381*((-8)/20 + 142/30) a composite number?
True
Let g = 27 - 19. Suppose 2*n = g, m + 2*m - 35058 = 3*n. Is ((-1)/(-2))/(7/m) composite?
True
Suppose 3*n - 7*o = 174883, 5*n - 4*o - 291445 = o. Is n a composite number?
True
Suppose -21 = -4*y - 2*m + 143, 5*y = -m + 205. Let l = y + -27. Is l a composite number?
True
Let o(b) = 5*b**2 - b. Let a be o(-1). Let l = -4 + a. Is (36 + 3 + -1)/l a composite number?
False
Let s be (-14670)/(-12) - 1/2. Suppose 0*a + s = 4*a - 3*z, 4*z - 929 = -3*a. Is a a composite number?
False
Let p = -27454 + 74261. Is p a composite number?
False
Let l = -326 + 580. Let y(z) = z**3 - z**2 - 8*z + 1. Let k be y(6). Let r = l - k. Is r a composite number?
True
Let q(p) = -p**3 - 7*p**2 - 2*p + 7. Let c = -53 + 45. Is q(c) a prime number?
False
Suppose 5*j - 5*l = 5, -25 + 7 = -2*j - 2*l. Is (5721/18)/(2*j/60) composite?
False
Let s = -2 + 7. Is (2 - 6) + (s - -1976) + 2 a composite number?
False
Is (-1948)/(-14)*(-371)/(-106) a prime number?
True
Suppose 0 = 4*o - 36*p + 39*p - 48013, 5*o = 4*p + 60055. Is o composite?
False
Suppose -5*p - 4*b + 143 = 0, -100 = -4*p + b + 3*b. Let w be (228/9)/((-6)/p). Let k = -47 - w. Is k a composite number?
False
Let d(x) = 7078*x**2 + 16*x + 16. Is d(-1) composite?
True
Let o(q) = q**2 - 23*q + 62. Let n be o(20). Let v(c) = -c**2 - 8*c - 7. Let s be v(-6). Suppose a - 61 = f + n*f, -5*a = -s*f - 265. Is a composite?
True
Let n = -5338 - -9751. Is n composite?
True
Let l(n) = n + 2. Let q be l(13). Let s(b) = -b**3 - 1 + 8*b**2 - 14*b**2 - 4*b + q*b**2. Is s(7) composite?
True
Suppose 0 = -0*q + q + 5*a - 873, 0 = -5*q - a + 4317. Let c = 1716 - q. Is c prime?
True
Suppose 3*i - 22 = 5. Is i/(-3) + 0/2 - -892 a prime number?
False
Let n(z) = -z + 0 + z**2 - 3 + 0. Let k be n(-2). Let h(v) = -v**3 + 7*v**2 + 2*v - 5. Is h(k) a prime number?
True
Suppose -3*q + 424 = -2*k, -4*k + 431 = 3*q + k. Let x = q + 109. Is x composite?
False
Let y = 